{"id":955,"date":"2023-08-13T10:23:47","date_gmt":"2023-08-13T08:23:47","guid":{"rendered":"https:\/\/klubdiabetikuzlin.cz\/?page_id=955"},"modified":"2024-04-07T18:16:50","modified_gmt":"2024-04-07T16:16:50","slug":"dopoledni-svacinky","status":"publish","type":"page","link":"https:\/\/klubdiabetikuzlin.cz\/index.php\/dopoledni-svacinky\/","title":{"rendered":"Dopoledn\u00ed sva\u010dinky"},"content":{"rendered":"\n    \n    <section class=\"u-clearfix u-section-2\" id=\"sec-d28e\">\n      <div class=\"u-clearfix u-sheet u-valign-middle u-sheet-1\">\n        <div class=\"u-clearfix u-expanded-width u-gutter-0 u-layout-wrap u-layout-wrap-1\">\n          <div class=\"u-layout\" style=\"\">\n            <div class=\"u-layout-row\" style=\"\">\n              <div class=\"u-align-center u-container-style u-layout-cell u-left-cell u-size-30 u-size-xs-60 u-white u-layout-cell-1\" src=\"\">\n                <div class=\"u-container-layout u-container-layout-1\"><span class=\"u-align-center-sm u-align-center-xs u-file-icon u-icon u-text-palette-1-base u-icon-1\"><img decoding=\"async\" src=\"data:image\/png;base64,iVBORw0KGgoAAAANSUhEUgAAAIAAAACACAYAAADDPmHLAAAAAXNSR0IArs4c6QAAIABJREFUeF7tfXmYJFWV7+9ExpJFdws6sqo0KgKOQA+bLCqr+AQRcBRFkO6M7LYBEVBxHHdaUIZhRniKArZ0RjabIsqibKMPGBiQbcBhHBRBlE2EbraZLrryRkTGed+JiioyIiMyIzKjqmvsut9X\/1Tee+695564y1l+hzBb1msO0Ho9+9nJY1YA1nMhmBWAWQFYzzkwhdNv1a1tyWfLnOv+gc7D6BR2NTDp2R1gYNZlN\/Rq1oEgnALg\/0S1XvSZdh5pth6bgu6GIjkrAEOxL95YLTa315guBWPHFLLXGo56f4ndlUJqVgBKYSPg1a33gHEFgFdlkLzKcNTfltRdaWRmBaAEVrq2tZSA7wLQM8j5BLJ1p3VJCd2VSmJWAIZkp1uvLibmC3uQ+Q8wnWQ0W\/82ZFdT0nxWAIZgKy8ceZ1fCR4EsGEKmYcAOsFwWjcP0cWUN50VgCFY7NnWNQAOTSHxM91VH6NL8T9DkJ+WprMCMCCb\/br5YWa6PNmcQZcZTutjBPCApKe12awADMhuz7aeBPD6zuYMPGG4aof\/DV\/+xLhnBWAAAXDrxgJi7T8STRlM+xvN1r8OQHKdNZkVgAFY79XMvwfRmYmm1xuOet8A5NZpk1kBGID9nm3dAmDf2PbPOMFsqvMGILdOm8wKQEH2cx3zfLaeB2B0NvWZ3jgTdf39pjcrAP04BICXwnADc+uKj22h0YHM+ESi2W8NR\/11DlIzrsqsAGQsiV8zj2CiYwBsB+CNPdS8QuElgL6jk3Y+NdY+PeNWuceAZgUgwRzPru4DxlkgfvsAC+kx6Mdg+rbZHLtrgPbT3mRWACKWq0Xm2zQtvNkfUs4q0L0MOtF0xu4uh97UUJkVAAB+3fxgpNWrlMxml4GTTEd9r2S6pZFb7wXAq1ffDebrAJg9uPoUgFUAXgbhZQR4mYlcgPciYH7\/1aCvG07rK\/3rTX+N9VoAXHtkd0JwE4A5KaxvE3glB5WGsXLsjqylcRcbO1G78gEQHw5gh6x6DPq46bR6mY2nf\/WB9dctfPzM124D+DVdnGe6h9E+1mx6SXVvz0UKXcICagLYJaWizxTsaTa8f18nK53R6Xq5A\/AyaP7j1n8CeFsXXwg36ro6lJbDG2ShRGfQdq1zmHBCSvtfGI56zyB0p6rNeikAbr1aI2anm6l0r+639qOL8fKwDHdtcyWBFqbsLvvNJIPReicAfCIsb9R6mIAtY4tDeFjXzXfQ8jXP5Vl8rm+whY\/gTUEQ\/LfVdH+dbMPLoPuPW\/cC+Jv4b3yn4bh75eljOuqsdwLg1q1PEeOcBHPbQYV3sC50f5uH6RLwUWGIq9cWUp9BPzAM46Sk8Pg16\/1M+GmSJgHv1x11bZ6+prrOeiUAkSHnDwBe28lYBq80HbeWl9muXb2MwB\/trE\/AHypK7UqX4cXO\/3t29R6Ad0vQnjGm4\/VKALy69Xehmjde\/DbRttVGSwQjV3Ht6g8J\/JGUyjfojnpfpzuYX7cOYsb1ibov6o76q5ngNrZ+CYBt3gnQHokv90LdUR\/PtfJRJa9efSeYbwAwt\/uSh4OMprqx8\/+ubT2WVBgF4LdZjvubIv1ORd31RgD4mLmb+Lr3ZwBaByN93ac308WtJ4oyNzQagX+eokG80nDUB2PHQL36IzAfET92ZoZiaL0RANeu2gRuJBb6VsNRMc+eIoLg2tUlBP5+8kjRfbVR51My7eghsKM7br1If1NRd70RAK9uXQWGqGtfKcyfN5ruPw7KWD4CFX+u9VL3UaC9w3DGfjlB16tX9wNzPECE8LDRUNsO2ndZ7aZEAGS7xbzRtTMlJp5rqPpkyfs+pvMP2rzAusgVjeDAxbOtXwB4d3x7x4mmo74z8T8+Gq\/yzVBQOvntG46KuZUNPIghGg4tAPIVePOsj1OAQ0B4E4CtAIxEYxJQhKeIcDMCXFeBupmaaA0x3oGa+jXrYCaIxa+z\/MlwVMyvfxDiXr26DMynJtqeZTjq72P3ANt6BsCmnf\/TR5VOV6A9SL9ltRlaALxa9TQQ5zV1rmLCaYaulg+qax9k4l6t+g8g\/nxnWwIK3\/7T+nZr1Y8T8fLYb4SzjYYSgIjJ4tmWmJRfFxMAX80tQ+08CE8m2gwvALa1OqlYyTGgR5iCo6bLMubZ1pUAPhATAOKP6A33RznG2rOKW6vWiXhFotK3DUed3Pk\/17YeT6qf9bb5WrpojXgYr7MylABEmrVBAyBbxLxYb7qXTfXsPduSCN6Y124Q8PbWSlf+P1Tx7eoiBosJeLIQ4Ty9oWLWQN+2\/sjjx+Nk0dva6+misT8NNYCOxmyPvKGN9s5M2BEMv03a5f0UXEMJgFpo7qhV6IHEBBQA2RU2B9DXxYpBddNppVjmymFLdFNfm3ivBzqrOWXcR\/y6eTQzxYAfCFiuO+rYzhn4tvV7Bt7c+b92gK2rK9Wjw8zUrRu7Emty35DnbEzFLd5uRPxhveFeldXHUALg2+ZhDLo6Rpxxm9FU+\/ARGPHmjuwICnYi0P5JRUhHm7VBwG8v42tMm2RrkfXmiobfd\/7GwOOmo2Jf46CLkC4A3NAdd3EnTa9u\/Q6MbTr\/N8wuFO2+otf4UJ+x94xZKF0ACHhMd5T40cdKdBMXpUloQUuUB\/VRtRtdgbFBFyKrXcYLoDTHjHQlD87XHRULHkm7A7SJ3txvi06bFy8Zeb3fDkQL+dY8\/NIr2hvowjG5hHaVoQRA1cwdNKLkO9rT56sqLUOQ7I1r2MjXqsvTdgNiXKA31fF5JlSkTpr5N+2MLkKzs65ft77bFSmUUDBFvgHy\/O08EgN9VI3QFXCL9u3b1vcYWJq3Xa9jdigB4GMwx9etLgDEXpebSCkjQvOWxARcXanNkubUvJPssQOcz4TjYkcA41NmU31rWNrS3qtZ14IQiwom8JG6406CR4zVqlvpxH9M9Pe04ajYszDveDzbEg\/ljVPqvwTCquRRI\/4KptM6qvQdIGSAbYmBZbMYg4mWmI1W8mk0WcWzq\/sDLN64scJMS81mK6lbz8uX1Hqebd4F0O7xjrotdoN24tnWfyV9C5m1PTsjgyLDUQI3gO8yHHfPov3yETD9uZbsJjGtIhM+ZXiq2TbM9zLTjxN0V+uO2jTN\/DzUDiCd+DXrO90OkPy83ra27fXGzfCZC40z4rTZfsw8nEO0TZLL2sM6VY4uGnfHn8Bcf8wSB41O+DbWWb2GmhLPN3zxbGtN0hags745NV8WzV9Y0p6KDLrcdFpHFh0BL67O9wNOIo5OajV5KTbwvVA3s0Hso9SCnc0V3q+S\/Q0tAFFIlXwFsdLP2sW1OZv55MvuERsnmL9MRPXkkwnAvxmO2rsIw\/ya+bdM9JNEm18bjkpD8ixCOqyboQdp6Y7aoPNr82zzqwB9LTHTfzKa6nNFO\/XqI3uCg0lDU9T+V4ajdp6g5aWYn7PuWEMLgHTq1axbQUguDgO0n+G0bs2apGeHX+dGOZnwjOEo0S3kKuKe7XuWOGvGLG5lXgDDuXfp+OnfDacVcwHzbbPBIDsm6YRPmg0l4JKFim9XP8bgixONrjEcNWnpzACwagfMOyUdWMsSAAFH\/peUQJO1zPiisZU6N+1V4NWtBzJwdbuZQrjRaKiD8nIr9auTxkT7G42WIHyUUrx69Rtg\/uIkMaIDjUbr\/3US9+rWDWC8t\/N\/gzqGenb1awB\/Nb6b0JlGs\/WFif9Fl3M5BiaMcuM\/EW7SG+rAzt2pFAEIv4QkI+Lsvb2twa6uUDGFjGdbP8sTjcvgSwzfPS6v4cS1rZMISLvlT4kzZmjvD7BfUAl+ZK1wu47DVEgZaHsMEjns1qs\/IObY3YGYFurNVmxX8Ozq6QB\/OSnlRDhXb6iTJv5fmgBEKlexje+X8WmJ2fMhBt8H0H1EeAiMz3RAqiebMYGbbQ1npzE16\/N1beuTBJyb8ns7AO+4LvzwPNu8A6BYLAAHwa7mSu++ItuQnKn++KsjZtdgCnZLGtZEE9ueYz3IFIJbxAvR14xGa9n4plBi4SVzNvXb3jVdz67iffwPMS\/Sm25czdyHjluzPkEUgjZ3F+KvGg339OJDGb6FZ1fvBXjXTkpFBYCPqW7p6cHpKdFGrI+oV6U532RoQcNhMJFtNlrNUgUgJBy6SZlfAkh8BLLQs3txdXWb8K5qQ\/2uCOujxRcvnLQ5dTloFKE9bF3PtkRte2BMAIBjTUfF\/QgyOnJrI3sQhVHMsaddVP0Ww1H7Z43Rq5lfBNE3Un5\/Tmf1ltIFYKKjyEolVrJCfm9EOExvqK5oml6L4NWtU8D454w6Xbb5YRe0aHuvbn4eTP+QaJc7f0DaHSKixczB7mbTkxC0zOLb1rkMfLKrAuOgKROAaDcY8eeYnwaRSL9o4+K30sSI0syo\/Zjt1c2vgOm0tHqD0OvX3yC\/u4uNt1OgJaFi1upGZWtavjapC4l10apX31Rhlstzcq1YXgOG436935jCaOjHrBtAiEUmM9GSKRWA2JYXqjBHdgW19wbT0QC2Twx8TCe1KTUgmrVcJc3Va6KhhHsZjmvPhOib8WOxuiqJRZAnJC3D53CUmI8pckfy7PBYjgsL87JpE4DOFU1VAxOuNhoq5rbVc9tP065N7Iuy+PPdepruIZdkTUElz7Y+C+CfEqR7buFy62\/XrEe7b\/L8lTxffoznKYktiPD9dSIAnm1JSFTMlp32ls1ahwjXRxRPnVE+YXUCzq846oSZ8OXHdsATYbVHrYeSbmEA\/9Jw3HekzTXdiARPZ33LTltDHnn1besQBkTv0llumHYBiPTnYojpXDxPZ7VJHgMNL91gc99rC3TLJikT\/2fDUX+XhyHroo5fM49koh8k+ybwUbrjdv3fr5kOE8Wilhn0I9NppQWm9pxSdCmPXxYJ\/zmlAhAGRFgjb+OAtydiOfMn\/pKLxwSI0+SDYHqQCA+2OXggqbeOlE3yHNonZbbr9KmXR6BCRU6telcKCOVTuq+269R0RoIuPgRWjDbTQAgj4jDqI0jGQD5XugDwUmzoedaRBK4lI3HzMCm2bQKPE+MqgK7Ut2rd4T9RPT2md3\/lxvdzfSt10Ew683scXxJZ3J1AiuP6fM+2zgbw6QSd3xiO6sY1ysHYyEychL55sRQBiJ4ZB4h2icBykavmGFPRKhNeMLExh1k62ubO69q\/vshk0uIUALhtwo6iAIsimeXrj9v0EQ85K9JnugDQC0MLgGdbkh5VdO9JF68i4xu0rsta8C5zhXfPoATWRbvIRUxiEpKavdBZ1atXzwRzLLRMQCp1V20xaDqadN8Ffn5gAYhSpv3fHG7JWTwWp1GBYoufccVW5Ke6ow6faTf+PFPIyDoimaaOI4RazRj4hLxukp7GefqZPCXFIZdC\/4vOUvwOEHq4PmGdDIZYk7oRMrpH9SwBPwuA+zXw04HGfzZIfxqvH3uGlsEXT2GXzC000rYgYAvmQFzADooMSnkE9Ep9RC2aKZHIeRcl8hQWF62kQkyyjSXnPaqz\/paiT7\/YfWrhvL\/yK24SAW11HgZP0uGj8GrfskRP\/84+E30EjKtB2tX6\/LG7BrmcyS3Y89qHEuFwMMTY0QvL98G2hsOT\/gZ5F2Nd1ct456cMh79sOG6aQSf30Nmeu7EPT+5RnWVVbgEQc6Svs2Df9ApGeIAIX9AbSvBzSiviP9iGfyoTlvSwML5EhKPK7ru0SWQQ8mzrNgDvyuonvOSy2nbYMLY013QGnswlAFGaNEG6Sovqkf3qMTH\/Vua3Lhvka8\/L5Aif7wwAWVm4A\/GCMRw3aXnL28W018tAEZscR5aSqOhAM1zx7+srAFFDCS5MS4suDD9VH3XPGiTCpegkJuqLZywFwaWp3i5ygDI39aYbc8IctK\/paOfZ1v0Adurua7DYgbQxp+IYANf2FABVM7fTiER9mHbZW0PAUesK8ZKXznut77kSAJGmFZTb9CdMR50\/HQs4bB+ebQl6ycEJOsys7VVW6pm0p6WAZGQKQORZKu\/rrmxYxPhju8KHFvHVG5ZJae1DZG4vdHaIhWJHdRUj2Mt0PPm6ZmzJcmaRHMSm0xKzeSklLVZAzMOZApAGhzo+Er5bN6xD8oIqlzL6PkSyvIAJeLRiqF1oOf57OsZRtA9v0cg7oAUSMhZznZMPrOKqXcqMk\/RsSxxQJ4NHwpUkiANtd8nyrJW4egPGbuSMis\/5jCqZziGMnxhN1S+GftrnEql7RQ+QvFiPMQd7FU1W0W8Cnh2ilG3YWY8Yh3YJQJT1QrbNJITZaMC8Vxo0er\/Op+P3KAmEeBG\/P9kfAyebjvr2dIwjTx+REkj8GbqcOQlU053Wyjx08tbhdCUQdJ\/mdwlAKqAiEBDhA0WdNfMOME+9MGD0CfMwZrJB\/EudzRXJnSjSd9+ZkglEbAZ7pAVH5um7zDpiEvZs8yICfSxJd8owElJ9EukFw2kJYPUrxV1k7EKalpLThk4znFYSC69MvvSlFWXy7ET1utZwVNfXHkHCCP5A0tByg+Go5E27b79lV\/Bq1jkgfKqbLt+tj7p7T8VzOjVDCuEmo6HeHROAjOfIU\/qo2mYq4FuKMNezLdFCiuVxogQ6669L049nhamlRdAUGcOwdT3b\/AJAoshKltV6Rds5C8Zl+H4tORoPi9FhhNHJkwKQEXYMZlpsNltJkOVhx1S4fYp37DO6obZMA5yMoFkFfSuJmvVTw1FxRhQeyWAN3Lp1HDHS9BJtcZsvM2C1c4QRL8QGELe6arSPsaJ12ysCkK6MEPCmBesazlQmNB525ksApODyribQ53pdltyadTIRxFwdK2VAsxURgXFnmeo3kkilkzQInzMaKuktXKSLnnX9WvUYJr4oUelpfb56g6jtQwGIpERMhbGb\/6AhzKWNPoWQGDWqZutP\/aBmBUqlPcd6KMWlemjLWt75RQglEh2Vuuv0A9HI20+vehkR2N8yHBXeQ0IBSLlgiSr1SdNR8cxaZYyoRBoSNaMFOEDTgrWVNe4PkztVajAE8F+GozIzfJY1vNB6avDPeuAfnKM76pSpdGYJUdnIerbLlE7aXkZjTF5L4wKQFqhBwHd0R51YFkPKptNabG1dCSBADyHiNzNdarzcWtQpBFnwNcMANOaZh2eP7AUEYkBLc12XwX7JaLppl8E85HPXSccmwuOGo944IXgUKVAE0CgOO5aCdJG752momBYyRYSDk\/4AaRCtYJxiNJV43ZZeojNXkM7SXN0CBo7PGxU87OA82xITfhxVJbr9T9CmKPQ43A46yku6oTbpd84OO8Bh2ns181QQhSAHk5NJAZv06tY3IyCKyXq9cPMGHVPfyx7gEvho3QktmFNeIu8t2f5j97okLgG5tvVpAmJfw1QwqOwZp+IUA11JILzF1b0RcAyoioDf644qzYs5OmsFMTzriTmKgA43Vra6sBHL5ssEPde2lhLwvdgHkjJv8mrWWSDEw6mGzKUzVZPqpBv5ucvLJRZynpTw6IWTtAaWhhXo2+ZHGSSZSGPZQDrG+hxzcHC\/GP4yeSYRVO25YRzi1jG6RGcYjdaXYkLh2ubFSb00ES3SG63k27HMMZZCy7NDB9WYOjgNbTQNzJEzgBPzDixUORPOS8bcJ9o\/EjAfajXdh\/LSLaNe2uVP6AYa75D04SDPtmRbilulZvgFcIJJ6elq+FTDcWOAEZ5tyQIkkEroAMNpxTN55eB+6ChjmJ8Bk0DDZUVASczDt\/RR9aXpVqFH8ZOSAzl5xKXaQkQAukK1Z0pWy37r4drW8QSclzjnugIo0oSciD+kN9wkimhml9GRIxDwgu6ZBtQ83pbwMFizO9PG9ZtHmb\/79epCZu4yJ2fZQUQAutA6dVavzhOqXebAB6Hl1wRPmOLZMFKAJtL0HIx8mTvHE19YEq0joVpZ53y4wwI4W2f1lWFduAfhhbTp8fVn2kBEACSdSuwipY+qDaZ76xpk0hnp2bvAIH3buiDpN8iME8ymiu0enWNQS8y3am2SrB8Le37x440eYtbsshw4B+GFtMnQ+wsKyc5ZHkYCPPgoI8z3N1kGzWQx6MAHbZf2hE0DhkrNGgY6RndasVw\/cr57evXDhGBJEtgxY4wCfvlNndWp6+qrnxhX+PXPs36TzBUAoCuXcezI9OrW7WDEIUqI3mU0WrcPujDT1S41W8d4YEgsjCptjhNwdHKb1yp4LwU4CBSinKZh8SWnJPF71zIFp01X6rt+PM24+XPAvKCXGx+lQouXlFOv36AnpXfpvNd6vjqbmARlW7JoPADCPcR8j1fR7hm5sJXMthE2TQNgTHvCerb1cNqtGOPv5CIKoRYBF\/mEs4sCWeblxSD1uL7BFj4Hv+5GIeufk0DuAAKqPAkeHF4mCJ82G6rLlj7I4Pq1iVy4JJawx0KwJFf8PUh7AuAnOcATmsZPMJM4esbSvzLheGrTI0TBxgHRJgTaGGDJ4tkTo7DPOFeD+bs6mefNNI\/oCD9YkEhj+YvlUhpUeHvrQleehJmF0uLUp8sS6NaM3Yi0azOtZv2kZ+p\/\/x0DZxusLlrXZ3zWVNPuQeMfMV9sNly5wPYslOYLIIEJelPFLob9CBX9PXI\/vyuZ0bsonSmo\/wyDbtaYf1hpKomdk\/N+RpYoa5uE7iUtj0\/pmlpAK\/BCv4GTgDpFOWZiVqMyUqtndc4nwvJHLRn4lDtm9GMAAMm09a\/MuInBN08HnLy4t3lt\/zAibKtr2jmDOIP24GEA0P69MrV08iR0CPFq1r906bSnEF49w1NHvFMeDaAdraH9Jgb9DYAF0V8sK1mORe1VZS0Yt4P4Jia+2djSu38qQ9rTBuLZlqCETYBsrA003r1onGWmeznT6UazFc8o0usOIL9leKzebzhqlyGZ3dU8yhv4eMq5\/1ybsVe1qR5JNgodQgN\/AQd4KxG9BuCNGLwRgSTUSXIObUTAHGZ6AcTPEmMVa\/QsB7xKAz\/LpK0KguBZUzNXYf7o89O94J3zSTNPg\/BZo6G+mZfXEaaARBTHA3sId+hr1D5FnHjHnULH0Tcli3WM4FTYBDLSrQcItL2NlWN35GXC\/9Z6Ea+f7hw\/F4B\/i2BlxNMnqa94SfdpAV3cSoJB9r4ETvzq2eadKcCOsWxUZTDds6tfBzhmkw7pEu5ogxYOkku3jHGVTWM8LZ63BEySUGtjBs6dwCtwa9VLiHgi9Pt+fb7aXQCz+o3Bq1cFZFICZOYk6xL4iEG8jSa\/eNe2jiXggq5BBNo7y\/wyfdv8CIN+mDHZUQZOmS6fuX4MH+T3MIEUcDyYJY1bws1+PKVsGB9YN3ZBoOtGc+zuPC+NKHBHAkrndS0+4ft6Q+XOJdx1CQyPAYF\/ezw0DScUMtlo1oMwKLxz2ObKlNw3neSu11lfPAws2qBjG6SdaOK8oH0Ejeco3i6TBvMyo+nGE0jm6DBKOCEJudJgeu7TDbU3LYcY9QqX2Jnv2+aHGHRFl4Qxf1BvulcWpt6jgVu3TiAOfREz4N9CFMvjBtnWyhxnGi0ByWzr7X0B2ocZ++ZVJ9MAKvYI5VsWPyXBJt2rc+s9w5juu8PDa9W7u9Gs6YV2wG+vrlQSb1dakclprF3RjaH\/Shehvz9anxxmkoMMOHKXP1ASPrJGmxGz+AJsBtCmSZ17DvouiE81Gu6ZOepOVoleDBLY+erudnyXbrjvHRb9pFsA7Oo+ACcyXYfd\/1Z31R6DYtVmTTxyXxaP2kN7MOcpENnJjJxFmFm0bj\/8vpz0ngL4At03v08XjyZBGrNPivA4rp4KhBlJu5JiALhdJ3VwkfQ6WZ2lQsRkoFnLTf1GfY06pMg7Mw+jQoNG3fosGBItk5VqTnIKLK9Q5bSiWcTzjKGzjler7gviYdLL3krE51a2dK\/Jc7vv7Hs8SVRwWY\/ci7fqvnpf3iyq\/eaeKgCRelj09F0XGjEUVRwlqVlL15FHzxzJnBGz8CUmoQhoVDT6R1rREoVS6SUbKCOzKx\/ge0DaLwIKflxUqzdBNfLokcSXXTf9sI7k\/tXVoYNe+NJGn4kSFsXeCUxc9\/lDdIW+JozDGyub+yHMC6xl4NBE3SvxpEfgS3yNzpgKjGDPtuTilTSxynRF8CUe4Uli3AniX1Rc95ZhjsbxJBvV8wn80exzAT\/XX1aHl83znkCR3qLqAdBCxUPaQtynt7XD6KIx0SCWXiJLl\/js9QOmbjPockbwjbINOeNJoXknAj\/N0P7k63iqOtJ6ms6FKmPC4mnseZbk7hNPY3GESSs+QGfqRuu0qQjV6wsV2zMfL+PPTNoHBsmCnYeBYdo0u7qQwWfl8BlgMK5kBF8vG2Itz1iL1Bm\/+JonAHRyCopJJ6mHmIOFUxlV1FcAZDSR04hc0NJupAGBV1ZQOZWcsSeLMCJvXYm9a5N1RuTZmzaGOCnCjQz6saFr1\/fLzJl3DGXUi+wAkjFdkE3Tz\/nxjkSYv6VDfWGqHVFyCYCMKHLBvrTHwFsQTAGlzigT4TLkhkDC+uahPJ4itgu6tsfiyHn9KzBdx0TXGfPH7p1uS+C43b76DiI+kjl0Me+ZIUWQ1xlUy2vPH1YwcwuAdCSACxWNfpp0I08MQnD7L2amq\/X5rduKPoM6aSnb\/GuNaDEYx+Twzc\/Di9UMvl5jXFcx3Z8Pq0RJ6zDU89eMBaRpByLAu0FhLoA8\/ojyzF1RIfWZMt73eZghdQoJQPg1jqNOSoy7qED7lReZ+FoNuMbTtPurfuvPWVuaRPG6hjm\/QjQ\/IGxNzB8GaM9+HQCQnUcuqUVT1Yv1TczP9zPhYXEk1TV6GM7YU3meuPJlY2xkY4\/9jYm1jTmg+dCwPzEfUFBYBTfgkjbwzbIvsTl4V1wAQiE4AhVvTrVO4K+BsHmejjrqSCia2MPlTxZPcIjmp+u6+1CW56iHz4Ko7Wt8rGCJDTCeZCdjDEgqlVGA1wAkyaxHxwWMNxYvYx6PDUwzzBRhxYsAXaBz5dtSsa+UAAABpElEQVTr0uhVeAfonGEYKVsxZQEkMXKeBFJFGNSr7q\/BdJLRbMVU1uPRMdX9iAOJ2ZesIikGlLKGMBgdOeMD4BzDVyvK0uYNNpLxVkMJwETHYU4f8pcxUE8BmR5mfMm2txLz8srL7uX91NEhTNxc86AA2kcJLDg5w36xw8zjWSa6RUNwVWWN+5N+Yx+mo6JtSxGASUFYig3bnnlwAO2wEpm+CoyV7QAXVi9SEuFTuIRH1lxjAUjbmxh7R0makiiihelmN6AXxKDGwC3T5Wk86OBLFYDY8XAETH+etS8BhzGLNo02Z4T3hd7PIMYfA41vB9MdHPDt5kr3N3kuZUUYIDd1d4m5XcXH9kzYlgnbEGMbgLZJN72mUncjlbDkTljNoFXEfB9XgluMN3gPTPdzs8j8O+tOmQBkDYgX4zUuzC20Nm1OGs\/lQHsxQPC8qenPI1j7wlQrPvoxSvTyGKtu6GrBPNIqc4l4HiGYh4D8ANrqgIPVlq9WD6P77zeG6fx92gVgOic321d\/DswKQH8e\/UXXmBWAv+jl7T+5WQHoz6O\/6Br\/HyBkS\/TdnHAnAAAAAElFTkSuQmCC\" alt=\"\"><\/span>\n                  <h2 class=\"u-align-center u-text u-text-default u-text-1\">Dopoledn\u00ed sva\u010dinky<\/h2>\n                <\/div>\n              <\/div>\n              <div class=\"u-align-center u-container-style u-image u-layout-cell u-right-cell u-size-30 u-size-xs-60 u-image-1\" src=\"\" data-image-width=\"5760\" data-image-height=\"3840\" style=\"background-image: url(&quot;https:\/\/klubdiabetikuzlin.cz\/wp-content\/uploads\/2023\/08\/955-0.png&quot;);\">\n                <div class=\"u-container-layout u-valign-middle u-container-layout-2\" src=\"\"><\/div>\n              <\/div>\n            <\/div>\n          <\/div>\n        <\/div>\n      <\/div>\n    <\/section>\n    <section class=\"u-clearfix u-grey-5 u-section-3\" id=\"sec-b6ac\">\n      <div class=\"u-clearfix u-sheet u-valign-middle u-sheet-1\">\n        <h3 class=\"u-text u-text-1\"> Lep\u0161\u00ed zn\u00e1mky a sportovn\u00ed v\u00fdkony. <\/h3>\n        <p class=\"u-text u-text-2\">V\u00ed se, \u017ee absence sva\u010din m\u00e1&nbsp;\u0159adu negativn\u00edch dopad\u016f&nbsp;- jak psychick\u00fdch, tak fyzick\u00fdch\" . Pokud se nesn\u00edd\u00e1 (nebo jen lehce) a z\u00e1rove\u0148 m\u00e1lo nebo nevhodn\u011b sva\u010d\u00ed,&nbsp;doch\u00e1z\u00ed ke kol\u00eds\u00e1n\u00ed hladiny cukru v krvi, pak se m\u016f\u017eete c\u00edtit unaven\u011b a nesoust\u0159ed\u011bn\u011b.<br>\n        <\/p>\n      <\/div>\n    <\/section>\n    <section class=\"u-clearfix u-section-4\" id=\"sec-deb1\">\n      <div class=\"u-clearfix u-sheet u-sheet-1\">\n        <div class=\"u-expanded-width u-list u-list-1\">\n          <div class=\"u-repeater u-repeater-1\">\n            <div class=\"u-container-style u-list-item u-repeater-item\">\n              <div class=\"u-container-layout u-similar-container u-container-layout-1\">\n                <img decoding=\"async\" alt=\"\" class=\"u-expanded-width u-image u-image-default u-image-1\" data-image-width=\"300\" data-image-height=\"279\" src=\"https:\/\/klubdiabetikuzlin.cz\/wp-content\/uploads\/2024\/04\/Snmekobrazovky2024-04-06175312web.jpg\">\n                <h3 class=\"u-text u-text-default u-text-1\">Pro\u010d za\u0159azovat \u200bsva\u010dinky<\/h3>\n                <p class=\"u-text u-text-2\">Zdrav\u00e1 sva\u010dina je pro n\u00e1\u0161 organismus nezbytn\u00e1.&nbsp;Sva\u010dinou dopl\u0148ujeme energii, zlep\u0161ujeme sv\u00e9 soust\u0159ed\u011bn\u00ed a p\u0159edch\u00e1z\u00edme vzniku \u00faraz\u016f, obezity a poruchy p\u0159\u00edjmu potravin. Asi nen\u00ed t\u0159eba p\u0159ipom\u00ednat, \u017ee vynech\u00e1vat sva\u010dinu se nevyplat\u00ed.<br>Dopoledn\u00ed sva\u010dina by m\u011bla tvo\u0159it&nbsp;<b>p\u0159ibli\u017en\u011b 10 a\u017e 15 % energetick\u00e9ho p\u0159\u00edjmu z cel\u00e9ho dne<\/b>. Tento pr\u016fm\u011br po\u010d\u00edt\u00e1 v\u0161ak s t\u00edm, \u017ee se r\u00e1no dob\u0159e nasn\u00edd\u00e1te.<br>\n                <\/p>\n              <\/div>\n            <\/div>\n            <div class=\"u-container-style u-list-item u-repeater-item\">\n              <div class=\"u-container-layout u-similar-container u-container-layout-2\">\n                <img decoding=\"async\" alt=\"\" class=\"u-expanded-width u-image u-image-default u-image-2\" data-image-width=\"300\" data-image-height=\"166\" src=\"https:\/\/klubdiabetikuzlin.cz\/wp-content\/uploads\/2024\/04\/Snmekobrazovky2024-04-07180603web.jpg\">\n                <h3 class=\"u-text u-text-default u-text-3\">Pozor na sladk\u00e1 j\u00eddla a n\u00e1poje.<\/h3>\n                <p class=\"u-text u-text-4\">Po sladkostech, jako jsou&nbsp;<a href=\"https:\/\/zena.aktualne.cz\/zdravi\/cokolada-je-jako-droga-zavislaku-pribyva\/r~i:article:760119\/\" type=\"article\" class=\"u-active-none u-border-none u-btn u-button-style u-hover-none u-none u-text-palette-1-base u-btn-1\">\u010dokol\u00e1dy<\/a>, limon\u00e1dy, su\u0161enky, sladk\u00e9 cere\u00e1lie nebo pe\u010divo, se&nbsp;hladina cukru je\u0161t\u011b v\u00edce rozkol\u00eds\u00e1, co\u017e vede k hyperaktivit\u011b, n\u011bkdy a\u017e k agresivit\u011b. Tyto potraviny dod\u00e1vaj\u00ed&nbsp;nadbytek nevhodn\u00fdch tuk\u016f a jednoduch\u00fdch sacharid\u016f. Navzdory sv\u00e9 vysok\u00e9 energetick\u00e9 hodnot\u011b maj\u00ed n\u00edzkou v\u00fd\u017eivovou hodnotu.\n                <\/p>\n              <\/div>\n            <\/div>\n            <div class=\"u-container-style u-list-item u-repeater-item\">\n              <div class=\"u-container-layout u-similar-container u-container-layout-3\">\n                <img decoding=\"async\" alt=\"\" class=\"u-expanded-width u-image u-image-default u-image-3\" data-image-width=\"300\" data-image-height=\"283\" src=\"https:\/\/klubdiabetikuzlin.cz\/wp-content\/uploads\/2023\/08\/recky-jogurt-s-boruvkami-web.jpg\">\n                <h3 class=\"u-text u-text-default u-text-5\"><b>Jedno jablko nesta\u010d\u00ed.<\/b>\n                <\/h3>\n                <p class=\"u-text u-text-6\">Pokud si ale mysl\u00edte, \u017ee zdrav\u00e1 sva\u010dinka znamen\u00e1 dv\u011b mrkve a jedno&nbsp;<a href=\"https:\/\/zena.aktualne.cz\/bydleni\/9-tipu-co-s-jablky-dekorace-krizaly-horky-most\/r~i:article:793774\/\" class=\"u-active-none u-border-none u-btn u-button-style u-hover-none u-none u-text-palette-1-base u-btn-2\">jablko<\/a>, jste na omylu. Jen&nbsp;<b>samotn\u00e9 ovoce nebo zelenina nesta\u010d\u00ed<\/b>. Chyb\u00ed b\u00edlkoviny a sacharidy. Ide\u00e1ln\u00ed sva\u010dina by m\u011bla obsahovat&nbsp;<b>vyv\u00e1\u017een\u00fd pom\u011br v\u0161ech z\u00e1kladn\u00edch v\u00fd\u017eivov\u00fdch prvk\u016f<\/b>, jako jsou&nbsp;<br>1. komplexn\u00ed sacharidy ( ovoce, zelenina),&nbsp;<br>&nbsp;2. b\u00edlkoviny (s\u00fdr cottage, tvaroh, \u017eerv\u00e9... apod.),&nbsp;<br>&nbsp;3. zdrav\u00e9 tuky (t\u0159eba&nbsp; vla\u0161sk\u00e9, l\u00edskov\u00e9, mandle, ke\u0161u, nesolen\u00e9 nepra\u017een\u00e9 o\u0159\u00ed\u0161ky...)&nbsp;<br>&nbsp;4.&nbsp;<a href=\"https:\/\/www.zena.cz\/odstraneno\/r~zena:odstraneno\/\" class=\"u-active-none u-border-none u-btn u-button-style u-hover-none u-none u-text-palette-1-base u-btn-3\">vitaminy<\/a>, miner\u00e1ly a vl\u00e1kninu (zeleninu a ovoce).&nbsp;\n                <\/p>\n              <\/div>\n            <\/div>\n          <\/div>\n        <\/div>\n      <\/div>\n    <\/section>\n    <section class=\"u-align-center u-clearfix u-section-5\" id=\"sec-53c5\">\n      <div class=\"u-clearfix u-sheet u-sheet-1\">\n        <p class=\"u-text u-text-default u-text-1\">\n          <span style=\"font-size: 1.875rem; font-weight: 700;\">Dopl\u0148ujte energii dostate\u010dn\u011b, ale chyt\u0159<\/span>\n          <span style=\"font-size: 1.875rem; font-weight: 700;\">e<\/span>\n        <\/p>\n      <\/div>\n    <\/section>\n    \n    \n    \n  \n","protected":false},"excerpt":{"rendered":"<p>Dopoledn\u00ed sva\u010dinky Lep\u0161\u00ed zn\u00e1mky a sportovn\u00ed v\u00fdkony. V\u00ed se, \u017ee absence sva\u010din m\u00e1&nbsp;\u0159adu negativn\u00edch dopad\u016f&nbsp;&#8211; jak psychick\u00fdch, tak fyzick\u00fdch&#8220; . Pokud se nesn\u00edd\u00e1 (nebo jen lehce) a z\u00e1rove\u0148 m\u00e1lo nebo nevhodn\u011b sva\u010d\u00ed,&nbsp;doch\u00e1z\u00ed ke kol\u00eds\u00e1n\u00ed hladiny cukru v krvi, pak se m\u016f\u017eete c\u00edtit unaven\u011b a nesoust\u0159ed\u011bn\u011b. Pro\u010d za\u0159azovat \u200bsva\u010dinky Zdrav\u00e1 sva\u010dina je pro n\u00e1\u0161 organismus nezbytn\u00e1.&nbsp;Sva\u010dinou &hellip; <a href=\"https:\/\/klubdiabetikuzlin.cz\/index.php\/dopoledni-svacinky\/\" class=\"more-link\">Continue reading<span class=\"screen-reader-text\"> &#8222;Dopoledn\u00ed sva\u010dinky&#8220;<\/span><\/a><\/p>\n","protected":false},"author":1,"featured_media":0,"parent":0,"menu_order":0,"comment_status":"closed","ping_status":"closed","template":"","meta":{"footnotes":""},"class_list":["post-955","page","type-page","status-publish","hentry"],"_links":{"self":[{"href":"https:\/\/klubdiabetikuzlin.cz\/index.php\/wp-json\/wp\/v2\/pages\/955","targetHints":{"allow":["GET"]}}],"collection":[{"href":"https:\/\/klubdiabetikuzlin.cz\/index.php\/wp-json\/wp\/v2\/pages"}],"about":[{"href":"https:\/\/klubdiabetikuzlin.cz\/index.php\/wp-json\/wp\/v2\/types\/page"}],"author":[{"embeddable":true,"href":"https:\/\/klubdiabetikuzlin.cz\/index.php\/wp-json\/wp\/v2\/users\/1"}],"replies":[{"embeddable":true,"href":"https:\/\/klubdiabetikuzlin.cz\/index.php\/wp-json\/wp\/v2\/comments?post=955"}],"version-history":[{"count":10,"href":"https:\/\/klubdiabetikuzlin.cz\/index.php\/wp-json\/wp\/v2\/pages\/955\/revisions"}],"predecessor-version":[{"id":1281,"href":"https:\/\/klubdiabetikuzlin.cz\/index.php\/wp-json\/wp\/v2\/pages\/955\/revisions\/1281"}],"wp:attachment":[{"href":"https:\/\/klubdiabetikuzlin.cz\/index.php\/wp-json\/wp\/v2\/media?parent=955"}],"curies":[{"name":"wp","href":"https:\/\/api.w.org\/{rel}","templated":true}]}}