{"id":218,"date":"2023-04-07T14:30:17","date_gmt":"2023-04-07T12:30:17","guid":{"rendered":"https:\/\/klubdiabetikuzlin.cz\/index.php\/o\/"},"modified":"2023-04-29T18:36:20","modified_gmt":"2023-04-29T16:36:20","slug":"o","status":"publish","type":"page","link":"https:\/\/klubdiabetikuzlin.cz\/index.php\/o\/","title":{"rendered":"Kdo jsme"},"content":{"rendered":"\n    \n    <section class=\"u-align-center u-clearfix u-gradient u-section-2\" id=\"sec-7a65\">\n      <div class=\"u-clearfix u-sheet u-sheet-1\">\n        <h2 class=\"u-align-center u-text u-text-1\">\n          <font style=\"vertical-align: inherit;\">\n            <font style=\"vertical-align: inherit;\">Svaz diabetik\u016f \u010cesk\u00e9 republiky, z.s.<\/font>\n          <\/font>\n        <\/h2>\n        <p class=\"u-align-center u-text u-text-2\">\n          <font style=\"vertical-align: inherit;\">\n            <font style=\"vertical-align: inherit;\">\u00da\u010delem Svazu diabetik\u016f \u010cR je pom\u00e1hat diabetik\u016fm na uzem\u00ed \u010cesk\u00e9 republiky a jejich za\u010dlen\u011bn\u00edm do spole\u010densk\u00e9ho \u017eivota realizac\u00ed zdravotn\u00edch, soci\u00e1ln\u00edch a dal\u0161\u00edch aktiviza\u010dn\u00edch program\u016f a pod\u00edlet se na osv\u011bt\u011b ve\u0159ejnosti o diabetu<\/font>\n          <\/font>\n        <\/p>\n      <\/div>\n    <\/section>\n    <section class=\"u-clearfix u-section-3\" id=\"sec-22b2\">\n      <div class=\"u-clearfix u-sheet u-sheet-1\">\n        <div class=\"u-clearfix u-expanded-width u-layout-wrap u-layout-wrap-1\">\n          <div class=\"u-layout\">\n            <div class=\"u-layout-row\">\n              <div class=\"u-container-style u-layout-cell u-size-23 u-layout-cell-1\">\n                <div class=\"u-container-layout u-container-layout-1\">\n                  <div class=\"u-palette-4-base u-preserve-proportions u-shape u-shape-rectangle u-shape-1\"><\/div>\n                  <img decoding=\"async\" class=\"u-image u-image-contain u-image-default u-image-1\" src=\"https:\/\/klubdiabetikuzlin.cz\/wp-content\/uploads\/2023\/04\/38d5a641ede975967cbd63304d2b5b4d6f903887999c88ef3c6be1c6ce0a36e497227a47f0a3cf0dced7f8d5debaf5135ccb53e5608a0d15a1bd74_1280.jpg\" alt=\"\" data-image-width=\"1280\" data-image-height=\"853\">\n                <\/div>\n              <\/div>\n              <div class=\"u-container-style u-layout-cell u-size-37 u-layout-cell-2\">\n                <div class=\"u-container-layout u-container-layout-2\">\n                  <h3 class=\"u-text u-text-default u-text-1\">Kdo jsme<\/h3>\n                  <p class=\"u-text u-text-default u-text-2\"> Jsme&nbsp;neziskov\u00e1 organizace, kter\u00e1 sv\u00e9 \u00fasil\u00ed a aktivity v\u011bnuje c\u00edlov\u00e9 skupin\u011b osob s diabetem,&nbsp;kter\u00e1 se v\u011bnuje zlep\u0161ov\u00e1n\u00ed \u017eivota jednotlivc\u016f a rodin \u017eij\u00edc\u00edch s diabetem 1. a 2. typu.<br>Sna\u017e\u00edme se poskytnout&nbsp;vzd\u011bl\u00e1n\u00ed, podporu a zdroje, kter\u00e9 pom\u00e1haj\u00ed jednotlivc\u016fm zvl\u00e1dat diabetes a \u017e\u00edt zdrav\u00fd a aktivn\u00ed \u017eivot. Prost\u0159ednictv\u00edm r\u016fzn\u00fdch program\u016f a iniciativ podporuje Klub diabetik\u016f Zl\u00edn jednotlivce, aby se aktivn\u011b pod\u00edleli na l\u00e9\u010db\u011b diabetu.<br>Diagnostikovan\u00fdm osob\u00e1m se sna\u017e\u00edme p\u0159ed\u00e1vat z\u00e1kladn\u00ed informace o t\u011bchto onemocn\u011bn\u00edch, dopadech na \u017eivotn\u00ed styl, aby dok\u00e1zali svoje onemocn\u011bn\u00ed l\u00e9pe p\u0159ijmout jako sou\u010d\u00e1st \u017eivota.<br>Osob\u00e1m bl\u00edzk\u00fdm poskytujeme informace o t\u011bchto onemocn\u011bn\u00edch, abychom jim mohli b\u00fdt podporou.<br>\n                    <br>\n                  <\/p>\n                <\/div>\n              <\/div>\n            <\/div>\n          <\/div>\n        <\/div>\n      <\/div>\n    <\/section>\n    \n    \n  \n","protected":false},"excerpt":{"rendered":"<p>Svaz diabetik\u016f \u010cesk\u00e9 republiky, z.s. \u00da\u010delem Svazu diabetik\u016f \u010cR je pom\u00e1hat diabetik\u016fm na uzem\u00ed \u010cesk\u00e9 republiky a jejich za\u010dlen\u011bn\u00edm do spole\u010densk\u00e9ho \u017eivota realizac\u00ed zdravotn\u00edch, soci\u00e1ln\u00edch a dal\u0161\u00edch aktiviza\u010dn\u00edch program\u016f a pod\u00edlet se na osv\u011bt\u011b ve\u0159ejnosti o diabetu Kdo jsme Jsme&nbsp;neziskov\u00e1 organizace, kter\u00e1 sv\u00e9 \u00fasil\u00ed a aktivity v\u011bnuje c\u00edlov\u00e9 skupin\u011b osob s diabetem,&nbsp;kter\u00e1 se v\u011bnuje zlep\u0161ov\u00e1n\u00ed &hellip; <a href=\"https:\/\/klubdiabetikuzlin.cz\/index.php\/o\/\" class=\"more-link\">Continue reading<span class=\"screen-reader-text\"> &#8222;Kdo jsme&#8220;<\/span><\/a><\/p>\n","protected":false},"author":1,"featured_media":0,"parent":0,"menu_order":1,"comment_status":"closed","ping_status":"closed","template":"templates\/post.php","meta":{"footnotes":""},"class_list":["post-218","page","type-page","status-publish","hentry"],"_links":{"self":[{"href":"https:\/\/klubdiabetikuzlin.cz\/index.php\/wp-json\/wp\/v2\/pages\/218","targetHints":{"allow":["GET"]}}],"collection":[{"href":"https:\/\/klubdiabetikuzlin.cz\/index.php\/wp-json\/wp\/v2\/pages"}],"about":[{"href":"https:\/\/klubdiabetikuzlin.cz\/index.php\/wp-json\/wp\/v2\/types\/page"}],"author":[{"embeddable":true,"href":"https:\/\/klubdiabetikuzlin.cz\/index.php\/wp-json\/wp\/v2\/users\/1"}],"replies":[{"embeddable":true,"href":"https:\/\/klubdiabetikuzlin.cz\/index.php\/wp-json\/wp\/v2\/comments?post=218"}],"version-history":[{"count":10,"href":"https:\/\/klubdiabetikuzlin.cz\/index.php\/wp-json\/wp\/v2\/pages\/218\/revisions"}],"predecessor-version":[{"id":454,"href":"https:\/\/klubdiabetikuzlin.cz\/index.php\/wp-json\/wp\/v2\/pages\/218\/revisions\/454"}],"wp:attachment":[{"href":"https:\/\/klubdiabetikuzlin.cz\/index.php\/wp-json\/wp\/v2\/media?parent=218"}],"curies":[{"name":"wp","href":"https:\/\/api.w.org\/{rel}","templated":true}]}}

<section class="u-align-center u-clearfix u-gradient u-section-2" id="sec-7a65">
      <div class="u-clearfix u-sheet u-sheet-1">
        <h2 class="u-align-center u-text u-text-1">
          <font style="vertical-align: inherit;">
            <font style="vertical-align: inherit;">Svaz diabetiků České republiky, z.s.</font>
          </font>
        </h2>
        <p class="u-align-center u-text u-text-2">
          <font style="vertical-align: inherit;">
            <font style="vertical-align: inherit;">Účelem Svazu diabetiků ČR je pomáhat diabetikům na uzemí České republiky a jejich začleněním do společenského života realizací zdravotních, sociálních a dalších aktivizačních programů a podílet se na osvětě veřejnosti o diabetu</font>
          </font>
        </p>
      </div>
    </section>
    <section class="u-clearfix u-section-3" id="sec-22b2">
      <div class="u-clearfix u-sheet u-sheet-1">
        <div class="u-clearfix u-expanded-width u-layout-wrap u-layout-wrap-1">
          <div class="u-layout">
            <div class="u-layout-row">
              <div class="u-container-style u-layout-cell u-size-23 u-layout-cell-1">
                <div class="u-container-layout u-container-layout-1">
                  <div class="u-palette-4-base u-preserve-proportions u-shape u-shape-rectangle u-shape-1"></div>
                  <img decoding="async" class="u-image u-image-contain u-image-default u-image-1" src="https://klubdiabetikuzlin.cz/wp-content/uploads/2023/04/38d5a641ede975967cbd63304d2b5b4d6f903887999c88ef3c6be1c6ce0a36e497227a47f0a3cf0dced7f8d5debaf5135ccb53e5608a0d15a1bd74_1280.jpg" alt="" data-image-width="1280" data-image-height="853">
                </div>
              </div>
              <div class="u-container-style u-layout-cell u-size-37 u-layout-cell-2">
                <div class="u-container-layout u-container-layout-2">
                  <h3 class="u-text u-text-default u-text-1">Kdo jsme</h3>
                  <p class="u-text u-text-default u-text-2"> Jsme&nbsp;nezisková organizace, která své úsilí a aktivity věnuje cílové skupině osob s diabetem,&nbsp;která se věnuje zlepšování života jednotlivců a rodin žijících s diabetem 1. a 2. typu.<br>Snažíme se poskytnout&nbsp;vzdělání, podporu a zdroje, které pomáhají jednotlivcům zvládat diabetes a žít zdravý a aktivní život. Prostřednictvím různých programů a iniciativ podporuje Klub diabetiků Zlín jednotlivce, aby se aktivně podíleli na léčbě diabetu.<br>Diagnostikovaným osobám se snažíme předávat základní informace o těchto onemocněních, dopadech na životní styl, aby dokázali svoje onemocnění lépe přijmout jako součást života.<br>Osobám blízkým poskytujeme informace o těchto onemocněních, abychom jim mohli být podporou.<br>
                    <br>
                  </p>
                </div>
              </div>
            </div>
          </div>
        </div>
      </div>
    </section>

<p>Svaz diabetiků České republiky, z.s. Účelem Svazu diabetiků ČR je pomáhat diabetikům na uzemí České republiky a jejich začleněním do společenského života realizací zdravotních, sociálních a dalších aktivizačních programů a podílet se na osvětě veřejnosti o diabetu Kdo jsme Jsme&nbsp;nezisková organizace, která své úsilí a aktivity věnuje cílové skupině osob s diabetem,&nbsp;která se věnuje zlepšování &hellip; <a href="https://klubdiabetikuzlin.cz/index.php/o/" class="more-link">Continue reading<span class="screen-reader-text"> &#8222;Kdo jsme&#8220;</span></a></p>
